be 1*1/(-1)*-2. Calculate the highest common factor of x and z.
2
Suppose 2*b + 9 = 43. Let a = b - 11. What is the highest common factor of a and 6?
6
Suppose t + 2 = 14. Let f be 30 - (1 - 0 - 1). What is the highest common divisor of f and t?
6
Suppose 3*z - 33 = -2*m - m, 5*z - 105 = 5*m. What is the greatest common divisor of 16 and z?
16
Let d = -5 + 4. Let b be (-2)/(4/2) - d. Let r = b - -10. What is the highest common factor of 10 and r?
10
Suppose -j - 16 + 26 = 0. Let m(t) = t**3 - 2*t - 5. Let h be m(5). What is the highest common factor of j and h?
10
Suppose 2*o - o + b = 18, 16 = 2*o - 2*b. What is the highest common factor of 39 and o?
13
Let u = -32 + 77. Suppose 0 = -2*w - w + 9, -u = -2*o - 3*w. What is the greatest common divisor of o and 72?
18
Let v = 179 - 122. Suppose 2*i - v = -7. Calculate the greatest common divisor of i and 5.
5
Suppose 8*p = 58 + 166. What is the greatest common divisor of 56 and p?
28
Suppose -o - 15 = -50. Calculate the greatest common factor of 385 and o.
35
Suppose 7 = s - 0. Calculate the greatest common divisor of s and 7.
7
Let v be 4/(12/9)*1. Suppose -480 = -9*g + v*g. Let j be -1 + (11 - (1 + -1)). What is the highest common divisor of j and g?
10
Let w = 9 + -6. Let o = -1 + w. Let h be 2/o*(59 + -4). Calculate the greatest common divisor of 22 and h.
11
Let i = 17 - 7. Suppose 4*h - 2*h = i. Let r(n) = n**3 + 8*n**2 + 6*n + 9. Let j be r(-6). What is the highest common divisor of j and h?
5
Let i(k) = k**3 + 2*k**2 - k + 1. Let z(c) = c**3 - 7*c**2 + 7*c - 8. Let v be z(6). Let b be i(v). What is the greatest common divisor of b and 2?
1
Suppose -36 = -3*m - 3*i, 2*i + 104 = 5*m + 44. Calculate the highest common divisor of 8 and m.
4
Let u be (-5 + 7 - 5)*-15. Calculate the highest common factor of 5 and u.
5
Let n(f) = f**3 + f**2 + f + 12. Let w be n(0). Suppose -5*y + 29 = -31. What is the highest common divisor of y and w?
12
Suppose -d + 144 = 3*d. Suppose -2*a = 3*a - 30. Suppose r - 9 = -3*x + 5, -x + 5*r - a = 0. Calculate the highest common divisor of d and x.
4
Let f be (-169 - (4 - 3))/(-2). Suppose 2*k - f - 75 = 0. Calculate the greatest common divisor of 10 and k.
10
Suppose 1 = -5*l + 56. What is the highest common divisor of 11 and l?
11
Let o(g) = -17*g + 1. Let p be o(-1). What is the highest common factor of p and 6?
6
Let w(c) = -c**3 + 7*c**2 + 9*c. Let s be w(8). Calculate the greatest common factor of 24 and s.
8
Suppose -7*c + 6*c = -95. Calculate the greatest common divisor of 19 and c.
19
Suppose -34 = -n - 6. Calculate the greatest common factor of n and 4.
4
Let c be ((-24)/9)/((-4)/54). Let r be 760/8 + (-5)/1. Calculate the highest common factor of r and c.
18
Suppose 6*a = 5*b + a - 710, 434 = 3*b + 5*a. Let w(i) = -i**2 - 5*i - 2. Let u be w(-2). Suppose -u - 61 = -5*d. What is the highest common divisor of b and d?
13
Suppose -4*w = -3*a - 0*w + 92, -4 = -a - 4*w. Calculate the highest common divisor of 264 and a.
24
Let h be (48/(-32))/((-6)/136). What is the highest common divisor of h and 17?
17
Suppose -9 = -12*y + 63. What is the highest common factor of y and 6?
6
Suppose -4*x = 4*r - 64, 3*x + x = 16. Calculate the highest common divisor of 9 and r.
3
Let m be 282/4 + (-5)/(-10). Let c = 179 - m. Calculate the highest common factor of c and 12.
12
Let w = -79 - -182. Suppose -2*b + w = -37. Suppose -22 - 20 = -3*f. What is the greatest common factor of f and b?
14
Let h = 17 + -15. What is the greatest common factor of h and 3?
1
Let g be 3*(-1)/((-9)/6). Suppose -4 = -i - g. Suppose -i*z = -0*z - 192. Calculate the greatest common factor of z and 16.
16
Let o be 2/3*(-33)/(-2). Suppose -2*q + 17 + o = 0. Calculate the greatest common factor of 2 and q.
2
Let s(p) = 2*p**2 - 3*p + 13. Let f be s(2). Suppose 5*t - 669 = 2*y, 0 = -2*t - 0*t + 3*y + 261. What is the highest common divisor of f and t?
15
Let i = 0 - 0. Suppose 3*z = y - 4, -2*y = -i*z + 4*z + 42. Let x = 57 + y. What is the greatest common factor of 69 and x?
23
Suppose 0 = 2*c - 20 + 4. Let s be 958/c - (-2)/8. Calculate the greatest common factor of 12 and s.
12
Let s(q) = -q**3 + q**2 - 2*q + 28. Let z be s(0). What is the greatest common divisor of 28 and z?
28
Let m = 127 + 13. Let j(r) = r**3 - 5*r**2 + 5*r - 5. Let z be j(5). What is the greatest common factor of m and z?
20
Let c = -13 - -29. Let p = 36 - c. Suppose -5*s + p = -0. What is the greatest common divisor of s and 20?
4
Let p(f) = 8*f**3 + 3*f**2 + 2*f + 6. Let k be p(3). Calculate the highest common divisor of 17 and k.
17
Let d be 2/7 + (-136)/(-14). Suppose -5*o = 5*m - 25, 0*o = 2*o - m + 2. Calculate the greatest common divisor of o and d.
1
Let l(n) = n**2 - 7*n + 23. Let p be l(-8). What is the greatest common divisor of 22 and p?
11
Suppose 4*v = 2*m - m + 9, 24 = 5*m + 3*v. Suppose m*s = 4*l - 2*s - 49, 0 = 3*l - 5*s - 43. Calculate the highest common factor of l and 24.
6
Let s = -7 - -11. Suppose s = 5*f - 2*z - 0, 3*f = 2*z + 4. Suppose f*y - 2*y + 10 = 0. What is the greatest common divisor of 20 and y?
5
Suppose -6*v + 69 = 3*o - 3*v, 2*o + 4*v = 56. Calculate the greatest common divisor of 90 and o.
18
Suppose -2*d = -13 - 3. Let z(t) = t**3 - 6*t**2 + 6*t - 4. Let l be z(5). Suppose -2*h = -h - l. What is the highest common divisor of h and d?
1
Let k be 1/8 + (-47)/(-8). Calculate the highest common factor of k and 24.
6
Let s be (-12)/(9/(54/(-12))). Let t(j) = j**2 + 5*j + 2. Let n be t(-5). Calculate the highest common divisor of n and s.
2
Let v = -12 - -21. Calculate the highest common divisor of 36 and v.
9
Let s = 11 + -6. Suppose 2*k - 11 = -3, -3*c + 4 = -2*k. Let q be (35/2)/(2/c). Calculate the highest common divisor of q and s.
5
Let m = 67 + 33. Calculate the greatest common divisor of m and 50.
50
Suppose -2*w = -8 - 2. Suppose 47 + 28 = w*j - 2*b, -5*j = -4*b - 75. Calculate the greatest common factor of 60 and j.
15
Let d(o) = -o**3 - o - 2. Let b be d(-2). Calculate the highest common divisor of b and 1.
1
Let d(k) = -2*k + 13. Let f be d(4). What is the highest common divisor of f and 5?
5
Suppose -17 - 10 = -3*v. Let f(h) = h**3 + 4*h**2 - 4*h + 8. Let g be f(-6). Let i = g - -58. What is the highest common factor of v and i?
9
Let p be (-21)/(-28) - 13/(-4). Suppose -p*k - 11 = 4*s + 5, 2*s = -10. Calculate the highest common factor of k and 3.
1
Let z = 5 + 3. Let h(b) = 16*b + 1. Let g be h(5). Let r = g + -41. Calculate the highest common divisor of z and r.
8
Let t = -18 + 21. What is the highest common factor of 12 and t?
3
Let q(n) = -n**3 + 3*n**2 + 6*n - 6. Let s be q(4). Let d be s + 74 - (1 - 0). Let h = 59 - 29. Calculate the greatest common divisor of d and h.
15
Suppose -12 - 96 = -4*d. Let x = 6 + -4. Suppose -h + 9 = x*h. Calculate the highest common factor of d and h.
3
Let x = 87 + -55. Calculate the greatest common divisor of 4 and x.
4
Let q be (-448)/(-9) + (-4)/(-18). Suppose -5*l = 5 - q. What is the highest common divisor of l and 27?
9
Let f be (1 + -1)*(-1 - -2). Let o = f + 0. Suppose o*v + v - 50 = 0. Calculate the highest common factor of 20 and v.
10
Let z(i) = i**3 + 10*i**2 - 10*i + 14. Let s be z(-11). Let g(u) = u - 1. Let p be g(s). Let w = 7 - 2. What is the highest common divisor of p and w?
1
Let h(c) = -2*c**3 + 3*c**2 + c - 2. Let d be h(2). Suppose 0 = 5*u + 5 + 5, -z + 2*u + 21 = 0. Let f = z + d. What is the greatest common factor of f and 143?
13
Suppose -5*g + 2*g + 203 = 4*i, -3*g + 4*i + 187 = 0. Calculate the greatest common factor of g and 13.
13
Suppose a - 2 = -1. Suppose -73 = -4*c - a. Let y(x) = 2*x**3 - 3*x**2 + 4*x - 3. Let t be y(2). Calculate the highest common divisor of t and c.
9
Let i = 8 - 8. Suppose 4*a - 3*x - 91 + 36 = i, -4*x = -a + 30. What is the greatest common divisor of a and 4?
2
Let g(t) = -26*t - 2. Let j be g(-7). Calculate the highest common factor of 36 and j.
36
Let p(n) = 11*n. Let b be p(6). Calculate the greatest common factor of b and 44.
22
Let s be (6 - 9)/(2/(-14)). Calculate the highest common factor of s and 189.
21
Let h = 13 - 11. Suppose 5*t = x + 183, 5*x - h = -17. Calculate the greatest common divisor of 12 and t.
12
Let c(d) = -4*d. Let m be c(-1). Suppose -y = m*y - 65. Suppose -5